?
5
Suppose -3*k + 534 = 24. Suppose 0 = -o - 4*o + k. Suppose -3*v + 8*v - 43 = -3*z, 2*v - o = -4*z. List the prime factors of z.
2, 3
Let z(y) = -y + 7. Let v be z(7). Suppose b = -v*b + 6. Suppose 2*n = b*n - 36. What are the prime factors of n?
3
Suppose 0 = 4*k - 61 - 11. Suppose 11 = -u - 3*b - 1, -4*u = 2*b + k. Let f = 20 + u. List the prime factors of f.
17
Suppose 3*c - 61 + 25 = 0. Let i = 32 + c. What are the prime factors of i?
2, 11
Let t = -43 - 8. List the prime factors of (7/(-21))/(1/t).
17
Let k(s) = 5*s + 11. Let o(z) = 4*z + 10. Let a(q) = -3*k(q) + 4*o(q). What are the prime factors of a(-5)?
2
Let r(z) = -4*z**3 + 4*z**2 + 4*z + 3. Let k be r(-2). Suppose 4*j = -2*t - 3 + 29, 4*j = -3*t + k. What are the prime factors of t?
17
Let b be (2/(-4))/((-2)/(-8)). Let g = 7 + -2. Let k = g - b. What are the prime factors of k?
7
Let x(o) = o**3 - o**2 + 3*o - 3. What are the prime factors of x(2)?
7
Let c(f) = -f**3 + 7*f**2 + f - 7. Let g be c(7). Let a be (1 + g)/(7/(-21)). List the prime factors of (2/a)/((-10)/165).
11
List the prime factors of (0 + 1)/((-11)/(-55)).
5
Let i be 9/2 - 6/12. Suppose -124 = -5*j - 2*l, 0 = -i*j - 5*l + l + 92. What are the prime factors of j?
2, 13
Let s(w) = w**3 + 2. Let i be s(2). Let g = i - 73. What are the prime factors of (-4)/6*g/6?
7
Suppose -2 = n + 24. Suppose 4*m = -9 - 47. Let o = m - n. What are the prime factors of o?
2, 3
Suppose 0 = z + 2 - 0, 0 = -2*q + z - 28. What are the prime factors of (36/q)/(-1)*10?
2, 3
Let l be (12/15)/((-4)/(-30)). Suppose l*t = 4*t + 26. List the prime factors of t.
13
Let u = 6 + 2. Let g be (-13)/((-3)/(1 + 2)). Let c = g - u. What are the prime factors of c?
5
Suppose 2*z - 44 = -0*z. Let d(l) = -4*l + 12. Let v be d(-5). Let a = v - z. List the prime factors of a.
2, 5
Let q be -3 + (-1 + 0 - 1). Let d(j) = j + 7. Let b be d(q). Suppose -3*x + 22 + b = 0. What are the prime factors of x?
2
Suppose 6*l - l + 37 = c, 0 = -2*c - 2*l + 134. What are the prime factors of c?
2, 31
Let a be (2 + 1 + -2)*-13. Let o = a + 9. List the prime factors of o/(-6) - 74/(-6).
13
Let v(p) = -p**3 + 6*p**2 + 3*p - 10. List the prime factors of v(4).
2, 17
Let u = 107 - 59. Suppose 3*f - 42 = -3*c, -f = 3*f + 2*c - u. What are the prime factors of f?
2, 5
Let o = -6 + 4. List the prime factors of 7 + (1 - (-1 - o)).
7
Let n(y) = -y - 6. Let k be n(-5). List the prime factors of (41 - k) + 6 + -5.
43
Let u(y) = y**3 - y + 16. Let d be u(0). Let z = 28 - d. List the prime factors of z/8 + 26/4.
2
Suppose -5*k + 4*k = -14. What are the prime factors of k?
2, 7
Let a(d) = -d - 3. Let w be a(-8). Let t = w - -9. Suppose 33 = 5*b + 4*v, -6*v + 3*v = -4*b + t. What are the prime factors of b?
5
Suppose -2*a - 4*b + 76 = 0, 0 = -3*a - 2*b - 0*b + 94. What are the prime factors of a?
2, 7
Suppose -4*u + 0*u + 28 = 0. Let o(x) = -x + 12. What are the prime factors of o(u)?
5
Let k(j) = 18*j - 25. What are the prime factors of k(8)?
7, 17
What are the prime factors of 1*(56 - (1 - -1))?
2, 3
Let n(q) = -q**3 + 3*q**2 + 2*q - 3. Let w be n(3). Suppose -w*g = -0*g - 93. What are the prime factors of g?
31
Let y = 32 + 11. What are the prime factors of y?
43
Let q(w) = 6*w + 4. Let i be q(-5). Let p(y) = y**3 + 4*y**2 - 6*y - 4. Let a be p(-5). What are the prime factors of a + i/(-2)*1?
2, 7
Suppose -2*j + 53 = x, -x - 31 + 93 = -j. List the prime factors of x.
59
Let u(l) = l**3 - 7*l**2 + 5*l - 9. Let f be u(6). Let t = f + 9. List the prime factors of t/(-18) - 32/(-3).
11
Let l = 32 - 17. What are the prime factors of (5/l)/((-1)/(-42))?
2, 7
Let t = 2 - -2. Suppose 48 = t*p - 96. List the prime factors of p.
2, 3
Let j be 1*(0 - -2 - 7). What are the prime factors of (-196)/35*j/2?
2, 7
Suppose -5*z = -38 - 32. Suppose -6 - z = -5*k. What are the prime factors of k?
2
Let z(m) = -m**2 - 7*m + 1. Let k be z(-6). Suppose -21 = -8*h + k*h. What are the prime factors of h?
3, 7
Let g be (-173)/(-1) - 0/3. Suppose 166 = 3*p + 2*y, -g = -p - 2*p + 5*y. List the prime factors of p.
2, 7
Suppose 0*r - 2*j - 32 = -2*r, 3*j = 5*r - 90. List the prime factors of r.
3, 7
Suppose 0 = h - 0*h + 5. Let a = h - -10. Suppose 0 = 5*z - 2*f - 10, -4*z + 2*z + 4 = -a*f. What are the prime factors of z?
2
Suppose 13 + 7 = 2*c. List the prime factors of 128/c - 2/(-10).
13
Let g(s) = s**3 + 4*s**2 + 3*s + 1. Let v be g(-3). Let f be 2 - (0 + (-2)/v). Suppose 46 = f*c - 2. List the prime factors of c.
2, 3
Let r(x) = 2*x**2 + 11*x + 13. What are the prime factors of r(11)?
2, 47
Let k = 4 + -2. Suppose 0*l + 4 = 4*l + k*b, -3*b = 6. Suppose 0*r + 6 = l*r. What are the prime factors of r?
3
Let y be ((-2)/4)/(2/(-8)). Suppose -4*t = -y*t - 12. Suppose 5*m + t - 16 = 0. What are the prime factors of m?
2
Suppose -x - 4*x - b + 11 = 0, -8 = -2*x - 4*b. What are the prime factors of x?
2
Let m(h) = -3*h**3 + 3*h - 2*h + 3*h**2 + 4 + 2*h**3. Suppose 5*p = -3*k + 12, -4*p - 5*k - 1 = -8. What are the prime factors of m(p)?
7
Let t(n) = n + 2. Let b be t(-2). Let z(k) = k - 2. Let d be z(b). Let f = d + 5. List the prime factors of f.
3
Suppose 2*h - 28 = -2*o, 3*o + 3*h - 44 = h. What are the prime factors of (60/o)/((-1)/(-4))?
3, 5
Let g(o) = -o - 2. Let m(l) = 3*l + 4. Let a(b) = 5*g(b) + 2*m(b). Suppose 4*k - 2*k = 10. List the prime factors of a(k).
3
Let k be (-2)/(-3) - (-172)/3. Let t = k + 72. What are the prime factors of t/12 + (-3)/(-18)?
11
Let f = 54 - 14. List the prime factors of f.
2, 5
Let l(g) be the third derivative of g**5/60 + 5*g**4/24 - g**3/3 + g**2. Let i be ((-8)/6)/(4/18). List the prime factors of l(i).
2
Let a(m) be the third derivative of 0*m + 0*m**5 - 1/12*m**4 + 3*m**2 - 1/6*m**3 + 1/120*m**6 + 0. List the prime factors of a(2).
3
What are the prime factors of 140/2 + 3 + -3?
2, 5, 7
Suppose -5*p - 14 - 1 = 5*j, 10 = -2*p. Suppose -j*q + 4*q = 6. List the prime factors of q.
3
Let o(g) be the first derivative of -g**4/2 - 3*g**2/2 - 3*g - 4. What are the prime factors of o(-2)?
19
Suppose -2*i + 6 - 275 = -5*r, 4*r - 2*i - 216 = 0. List the prime factors of r.
53
Suppose 2*z + 4 = 0, -5*y - 4*z - 5 = -2. Let c be 1/(y/(-2)) + 13. Let h = c + -6. What are the prime factors of h?
5
Let i = 20 - 33. Let r = i + 5. List the prime factors of 0/(-1) - r/2.
2
Let m(p) = 5*p**2 - 10*p - 51. Let k(j) = -j**2 + 2*j + 10. Let x(c) = -11*k(c) - 2*m(c). Let f be x(-6). Suppose -6*g + 2*g = -f. List the prime factors of g.
2, 5
Suppose 3*t + 8 + 1 = 0. What are the prime factors of t/((6/(-47))/2)?
47
Let n(r) = 2*r + 0 - 1 + 2 + 11. What are the prime factors of n(11)?
2, 17
Suppose -16*t + 19*t = 6. Suppose -q = t*q - 117. List the prime factors of q.
3, 13
Suppose 0 = -d + f + f + 11, -f = -2*d + 10. Let u(w) = 0 - 1 + d*w + 3. List the prime factors of u(3).
11
Let k(p) = -p**3 - 4*p**2 + 3*p - 1. Suppose -z + 4 = -0*z. Suppose 2*g = z*g + 10. List the prime factors of k(g).
3
Let d = -231 - -334. What are the prime factors of d?
103
What are the prime factors of -2 - 1 - (-26 + 6)?
17
Suppose 3*m - 7 - 9 = 4*w, -2*m + 13 = -5*w. List the prime factors of m/3*(-3)/(-2).
2
Suppose 5*v - 26 = 4. Suppose -5*g - 4*p + v = -41, 2*p + 26 = 2*g. List the prime factors of g.
11
Let i = 92 + -21. What are the prime factors of i?
71
Let f be (-3 + 0 - -4)*-1. Let s be 1*(f - -1 - 134). What are the prime factors of (-12)/30 + s/(-10)?
13
Suppose -294 - 1 = -3*j - 2*x, j + x = 98. List the prime factors of j.
3, 11
Let r = -10 - -9. Let c = 3 + r. List the prime factors of c.
2
Let f be 64/11 - 4/(-22). Let r be f - -3*(3 - 4). Suppose 0 = -r*g + 23 + 28. What are the prime factors of g?
17
Let g be (6/(-4))/((-3)/4). Suppose 0 = -3*d + 127 + 62. List the prime factors of g/(-4) - d/(-6).
2, 5
Let i = -18 - -42. Suppose 5*q = 2*q + i. What are the prime factors of q?
2
Suppose 6 = 4*h - 5*t, -t - 6 = 3*h - 20. Suppose -h*o = 5*u - 99, -8 = u - o - 35. List the prime factors of u.
23
Let c = -6 + 11. Suppose -5*a + 17 = -2*o + 6*o, -c*a + 19 = 3*o. What are the prime factors of a?
5
Let j(x) = 3*x + 1. Let f be j(2). Suppose -s = f + 16. Let t = s + 34. What are the prime factors of t?
11
Suppose -4*g + 21 = 57. Suppose -4*a - k = -3*k + 20, 5*a - 2*k + 25 = 0. What are the prime fa